 z be 72/42 - 2/(-7). Suppose -5*p + 24 = p. Suppose 2 = z*b - 4*v, -p*b - 12 - 4 = -3*v. Let q(w) = -w**3 - 6*w**2 + 8*w - 3. Calculate q(b).
-10
Let y(g) = -g + 1 - 3 + 2. Let q(b) = -b**2 - 3*b + 40. Let x be q(5). Suppose -k = -l, x*l + 2*l = 3*k - 1. What is y(l)?
-1
Let c(i) = -11505*i + 23254*i - 11400*i + 9*i**2 - 8 - 69. What is c(-39)?
1
Let h(i) = i**2 + 7*i + 6. Let z = -3900 + 3897. Determine h(z).
-6
Let g(r) = r**3 - 6*r**2 + 6*r + 6. Suppose -2*p - 2 = -4*a, 2 = -a - 0*p - 2*p. Suppose a = -5*q + 13 + 87. Suppose -3*u - q = -7*u. Determine g(u).
11
Let g(m) = -10 - 7 - m - 3*m + 29. Let o(c) = -c**3 + 10*c**2 + 10*c + 14. Let n be o(11). Let s be g(n). Let w(i) = -i**2 - i + 15. Determine w(s).
15
Let d(k) = -k + 19. Let n = 1199 - 1191. Calculate d(n).
11
Let h(l) be the third derivative of l**2 + 3/20*l**5 + 3*l + 0 - 13/6*l**3 - 1/120*l**6 + 1/24*l**4. Calculate h(9).
-4
Suppose -14*b = -29*b + 960. Let y(k) = -32 - 33 + b + 7*k - 3*k. Determine y(-1).
-5
Let l(n) = -n**3 + 24*n**2 + 2*n + 4. Let b(i) = 5*i**2 + 2. Let c(m) = -5*b(m) + l(m). Give c(2).
-14
Suppose -7 + 1 = -3*t. Let w(k) = -7 + 7*k**t - 9*k**2 + k**2 + 2*k**2 + k. What is w(0)?
-7
Suppose -3*a - 16 = a. Let m = 25 - 21. Let w(c) = -1 - c - 4 + m + 4. Determine w(a).
7
Let r = 73 - 78. Let v(i) = -19*i - 19. Let q be v(r). Let l = 77 - q. Let j(o) = -9*o**2 + o. Determine j(l).
-8
Let t = -8 + 13. Let o(j) be the first derivative of j**5/120 + j**4/8 - 26*j**3/3 + 13. Let n(p) be the third derivative of o(p). Give n(t).
8
Suppose -9 = 13*z - 61. Let u(t) be the second derivative of -1/12*t**z + 0*t**2 + 26*t - 1/2*t**3 + 0. What is u(-3)?
0
Let o(f) = -4*f - 7. Let j(x) = 7*x + 14. Let t(b) = -4*b - 26. Let d be t(-5). Let q(l) = d*j(l) - 11*o(l). Let k be q(3). Let y(n) = 8*n + 1. What is y(k)?
-7
Let q(f) = f**2 - 5*f - 17. Let n(g) = -5*g**2 + 18*g + 51. Let b(c) = 3*n(c) + 10*q(c). What is b(4)?
-81
Let t(n) = -n - 4. Let c = 82 + -16. Let s = c + -68. Let f be s/(-6) + (-140)/15. What is t(f)?
5
Let z = -18 - -3. Let h be 14*(2 - z/(-6)). Let x(g) = g + 5. Calculate x(h).
-2
Let b(y) = 5 - 22*y + 12 + 4 - 2 + 27 + y**2. Determine b(19).
-11
Let o be (2/3 - 3)/(-1). Let s(c) be the first derivative of o*c**3 - 12 - 7/2*c**2 + 4*c - 1/4*c**4. Determine s(5).
19
Let x(a) = 13*a**2 + 1. Suppose 2*h = -4, 4*u - 6*u - h = -198. Let y = 100 - u. Suppose y = 3*t + 109 - 106. Calculate x(t).
14
Let v(o) = 2*o**2 - 11. Let m be v(-6). Suppose 4*i - m + 57 = 0. Let y(z) = -10*z + 8*z - i + 3*z. Give y(2).
1
Suppose 0 = i + 3*c + 18 - 111, 0 = 2*i - 5*c - 131. Let w(f) = f**2 + i*f + 3 - 1 + f**3 - 24*f - 27*f - 24*f. Calculate w(-2).
-8
Let g = -4618 + 4620. Let y(s) be the second derivative of 1/12*s**4 - 17*s + 0 - 2/3*s**3 - 2*s**g. Determine y(4).
-4
Let p be 4 + (1 - (3 + 0)). Let u(g) = -7*g**3 - 3*g**2 - 14*g + 13. Let d(n) = 8*n**3 + 4*n**2 + 17*n - 16. Let y(h) = 5*d(h) + 6*u(h). Determine y(p).
-8
Let t be (0/5)/(-3 - -4). Let k be t/((-30)/6) + 20/2. Let j(o) = 2*o - 15. Let c be j(k). Let s(r) = r**2 - 5*r - 1. What is s(c)?
-1
Let n(z) = 8*z + 1. Let v(w) = -12*w - 21. Let g(y) = -2*n(y) - v(y). Determine g(-17).
87
Let g = -61 - -68. Let z(m) = -g + 7*m - 7*m**2 + 1 + m**3 - 2*m + 0*m. Suppose 32 = h + 4*h - 2*k, -h - 5*k + 1 = 0. Calculate z(h).
-12
Suppose 4*a - 8*a = -13*r - 14, 5*r - 20 = -a. Let u(q) = -q**2 + 18*q - 92. Calculate u(a).
-12
Let y(u) = -7*u - 22 + 6*u + 8*u + u**2. Let a be y(-9). Let l(r) = -r**2 - 4*r - 2. What is l(a)?
-2
Let f(h) = 8*h + h**2 + 317 - 160 - 160. Let b(n) = n + 25. Let j be b(-24). Let z be j/8 - 245/40. Calculate f(z).
-15
Let g(c) = 14*c**2 - 4*c + 9. Let n be (-1 - (-13)/15) + (-11232)/(-5265). Determine g(n).
57
Let i = -136 - -274. Let d = 134 - i. Let s(h) = h**3 + 5*h**2 + 2*h - 2. What is s(d)?
6
Let q(k) = -11*k + 237. Let w be q(21). Let i(n) = -n**2 + 4*n - 2. Calculate i(w).
-14
Suppose -f - i + 80 = 0, 5*i + 329 = 4*f - 0*i. Let a = f - 55. Let q(b) = 6 + 0*b**3 - b - b**3 - 25*b**2 + a*b**2. Give q(0).
6
Let a = -27568 + 27571. Let f(w) = w**3 - 6*w**2 - 3*w. Give f(a).
-36
Let y(q) be the third derivative of -q**4/8 - 65*q**3/6 - 515*q**2. Determine y(-26).
13
Let m(w) = -w**2 - 20*w - 55. Suppose -2*v - 4 = 0, 537*c - 540*c + 2*v - 14 = 0. What is m(c)?
29
Let y(m) = m**3 - m**2 + m + 8. Suppose 0 = -3771*v + 3728*v - 129. Give y(v).
-31
Let a(q) be the first derivative of 7*q**3/3 - 69*q**2/2 - 16*q - 2715. Determine a(10).
-6
Let w(c) = 12*c**3 + c**2 - 5*c - 5. Let g(x) = 6*x - 8*x - 9*x + 25*x**3 + 2*x**2 - 11. Let u(y) = -4*g(y) + 9*w(y). Let f be (-45)/15*2/6. Give u(f).
-7
Let z(w) be the second derivative of 21*w + 6*w**2 - 1/6*w**3 + 0. Let t(l) = 14*l - 7. Let g be t(1). Determine z(g).
5
Let y = -49 - -57. Suppose y*p - 23 = 3*p - 3*o, -3*o = 2*p - 11. Let q(v) = 131 - v**3 + 5*v**2 + p*v - 3*v - 128. Determine q(5).
8
Let w(z) be the second derivative of 5/12*z**4 - z**2 + 0 - 1/20*z**5 - 1/6*z**3 - 52*z. What is w(4)?
10
Suppose 470 = 82*x - 678. Let q(w) = w**3 - 13*w**2 - 13*w. What is q(x)?
14
Let t(r) be the third derivative of -r**5/20 + 23*r**4/24 - 7*r**3/6 - 840*r**2. Give t(9).
-43
Let l(q) = -q**3 - 2*q**2 + 3*q + 4. Suppose -207 = 108*d + 9. Calculate l(d).
-2
Let q(l) = 8*l**2 - 2*l - 1. Suppose 3*f - 147 = -0*f. Let r = 55 - f. Let a be ((-2)/r)/(10/30). Give q(a).
9
Let z be ((-2)/6)/(-1) + 40/6. Let s(o) = -3*o**2 - 2*o - 1. Let p(x) = -19*x**2 - 8*x + 10. Let c(q) = p(q) - 6*s(q). Calculate c(z).
-5
Let r(g) be the first derivative of g**3 + g**2 - g - 1458. What is r(-3)?
20
Suppose -4*o - 47 = -4*j - 11, 0 = 5*j - o - 33. Let a(h) be the second derivative of h**4/6 - 3*h**3/2 + 9*h**2/2 + 34*h - 48. Give a(j).
27
Let n(o) = -2*o - 21. Suppose h - 4 = 0, 3*r - 445*h = -440*h - 44. Determine n(r).
-5
Let h(a) = 3*a**2 + 9*a - 19. Let t be ((-13)/((-325)/(-10)))/(1/10). Let c be h(t). Let p(r) = r + 14. Give p(c).
7
Let p(s) = 3*s + 2*s + 0 - 6 - s**2. Let h = -859 - -844. Let l be 5 + ((-6)/h)/(14/35). Give p(l).
-12
Let w(t) = -19*t**3 - 2*t - 1. Let c(u) = -5*u + 11 + 0*u - 2*u + 6*u. Let s be c(6). Suppose s*p - 4*p = -1. Determine w(p).
20
Let n(z) be the first derivative of -z**2/2 - 15*z + 302031. Let p(c) = c**3 - 5*c**2 + 2*c - 1. Let v be p(4). Give n(v).
-6
Let n be ((-4)/6)/(7/21). Let f(z) = 3*z - 33. Let t(j) = j - 16. Let r(a) = n*f(a) + 5*t(a). Let o(q) = q**2 + 67*q - 2300. Let u be o(-92). What is r(u)?
-14
Let l be (10/8)/((-527)/204 + 3). Let f(s) = -s**3 + 6*s**2 - 14*s + 12. Calculate f(l).
-3
Let b(j) be the third derivative of j**6/120 - j**5/10 - j**4/12 - 4*j**3/3 + 4483*j**2. Give b(6).
-20
Let s(t) = 43*t + 15. Let r(g) = -g**2 - 86*g - 27. Let p(k) = 2*r(k) + 5*s(k). Determine p(22).
-1
Let t(h) = -5*h + 47. Let v be t(9). Suppose 6*c = -4*n + v*c, 0 = -5*n - 3*c - 6. Let q(k) = k**3 + 5*k**2 - k - 2. What is q(n)?
19
Let l(d) = -d**3 + 7*d**2 + 7*d + 3. Suppose 73*v - 345 = 58*v. Suppose v*h = 29*h - 48. What is l(h)?
-5
Suppose -4*n + 16 = 8. Suppose 2*s - 14 = -n*s - 2*l, 5*s - 25 = 5*l. Let u(t) = -4*t + 16*t - s - 5*t - 5 + t**2. What is u(-7)?
-9
Let q(n) be the third derivative of -n**5/20 + 37*n**3/6 + n**2 + 2*n - 7. Give q(-3).
10
Let c(b) = -8*b + 109. Let x be -5 - (-255)/(1 - -14). Calculate c(x).
13
Let s(v) = -43*v + 815. Let w be s(19). Let h(d) = -11*d - 15. Give h(w).
7
Let v(t) = t**2 - 15*t - 10. Let k be v(16). Let b(m) = -m**3 + 13*m**2 - 2*m + 30. Let s(f) = -f**2 - 6. Let j(y) = b(y) + 6*s(y). What is j(k)?
18
Let l(j) = 8*j - 5. Let f(z) = -11*z + 6. Let t(b) = 4*f(b) + 5*l(b). Suppose -49 = -5*q - 54. Give t(q).
3
Suppose 4*r + 18 = 2*r. Let l = r - -16. Let f(k) be the second derivative of -k**4/12 + 7*k**3/6 + 3*k**2 - 2327*k. Give f(l).
6
Let v(a) be the second derivative of -a**5/2 + 3*a**4/2 - a**3/6 + 5*a + 110. Determine v(1).
7
Let s(o) be the third derivative of o**6/24 + o**5/15 + o**4/6 - o**3/2 + 2751*o**2. What is s(-3)?
-114
Let k(u) = -u**3 - 7*u**2 - 5*u + 2. Let l = -130 + 157. Suppose -7*y = 4*m - 11*y + 4, 5*y = -3*m - l. Determine k(m).
-26
Suppose -4*k + 42*r + 48 = 37*r, -76 = -2*k - 4*r. Let o(x) = x**3 - 21*x**2 - 27*x - 1. What is o(k)?
-111
Let c(r) be the first derivative of -3*r**2/